{"id":98,"date":"2019-05-28T10:16:40","date_gmt":"2019-05-28T10:16:40","guid":{"rendered":"http:\/\/rapian.de\/?page_id=98"},"modified":"2023-06-23T08:00:27","modified_gmt":"2023-06-23T08:00:27","slug":"band","status":"publish","type":"page","link":"https:\/\/rapian.de\/?page_id=98","title":{"rendered":"Band"},"content":{"rendered":"\n<p class=\"has-very-dark-gray-color has-text-color\">Rapian wurde inoffiziell im April 2017\ngegr\u00fcndet:<\/p>\n\n\n\n<p class=\"has-very-dark-gray-color has-text-color\">Rainer und Andrea waren Mitglieder im sozialen Verein Music4All (den es leider nicht mehr gibt), der es sich zur Aufgabe machte, mit Hilfe von Spendengelder auch Kindern aus sozial schw\u00e4cheren Verh\u00e4ltnissen einen Zugang zum erlernen von Musikinstrumenten zu erm\u00f6glichen, oder auch musikalische Workshops f\u00fcr behinderte Kinder mit Hilfe der Caritas zu organisieren.  <\/p>\n\n\n\n<p class=\"has-very-dark-gray-color has-text-color\">Sie selbst musizieren schon seit\neinigen Jahren freizeitlich vor sich hin. Als wieder einmal eine\nVereinsversammlung im Juni anstand, sollte dies mit einem gem\u00fctlichen\ninternen Sommerfest ausklingen. Rainer und Andrea wurden gefragt, ob\nsie dazu nicht ein paar Lieder vorspielen m\u00f6chten.<\/p>\n\n\n\n<p class=\"has-very-dark-gray-color has-text-color\">Gesagt, getan. Eine mit musizierende\nFreundin, Pia, wurde gefragt, ob sie da nicht auch mitmachen m\u00f6chte,\nund da alle drei Fans der Irischen Folklore sind, wurde auch bald\nentschieden, ein paar Traditional Irish Folk Songs zu spielen. Der\nAuftritt war ein Erfolg, die G\u00e4ste begeistert und so ist die Idee\ngeboren, dieses weiter auszubauen, &#8211; also eine Band zu gr\u00fcnden (nun\nim Juni offziell).<\/p>\n\n\n\n<p class=\"has-very-dark-gray-color has-text-color\">Jede Band braucht einen Namen, &#8211; wir\nentschieden uns f\u00fcr <strong>Rapian<\/strong>. Dies steht f\u00fcr die\nAnfangsbuchstaben der drei Protagonisten: <strong>Ra<\/strong><em>iner<\/em>\n\u2013 <strong>Pi<\/strong><em>a<\/em> \u2013 <strong>An<\/strong><em>drea\n<\/em>mit\neinem schon fast g\u00e4lisch anmutenden Einschlag \u2013 seht ihr genauso,\noder ?!<\/p>\n","protected":false},"excerpt":{"rendered":"<p>Rapian wurde inoffiziell im April 2017 gegr\u00fcndet: Rainer und Andrea waren Mitglieder im sozialen Verein Music4All (den es leider nicht mehr gibt), der es sich zur Aufgabe machte, mit Hilfe von Spendengelder auch Kindern aus sozial schw\u00e4cheren Verh\u00e4ltnissen einen Zugang zum erlernen von Musikinstrumenten zu erm\u00f6glichen, oder auch musikalische Workshops f\u00fcr behinderte Kinder mit Hilfe&hellip; <br \/> <a class=\"read-more\" href=\"https:\/\/rapian.de\/?page_id=98\">Weiterlesen<\/a><\/p>\n","protected":false},"author":1,"featured_media":0,"parent":0,"menu_order":0,"comment_status":"closed","ping_status":"closed","template":"","meta":{"footnotes":""},"class_list":["post-98","page","type-page","status-publish","hentry"],"_links":{"self":[{"href":"https:\/\/rapian.de\/index.php?rest_route=\/wp\/v2\/pages\/98"}],"collection":[{"href":"https:\/\/rapian.de\/index.php?rest_route=\/wp\/v2\/pages"}],"about":[{"href":"https:\/\/rapian.de\/index.php?rest_route=\/wp\/v2\/types\/page"}],"author":[{"embeddable":true,"href":"https:\/\/rapian.de\/index.php?rest_route=\/wp\/v2\/users\/1"}],"replies":[{"embeddable":true,"href":"https:\/\/rapian.de\/index.php?rest_route=%2Fwp%2Fv2%2Fcomments&post=98"}],"version-history":[{"count":5,"href":"https:\/\/rapian.de\/index.php?rest_route=\/wp\/v2\/pages\/98\/revisions"}],"predecessor-version":[{"id":550,"href":"https:\/\/rapian.de\/index.php?rest_route=\/wp\/v2\/pages\/98\/revisions\/550"}],"wp:attachment":[{"href":"https:\/\/rapian.de\/index.php?rest_route=%2Fwp%2Fv2%2Fmedia&parent=98"}],"curies":[{"name":"wp","href":"https:\/\/api.w.org\/{rel}","templated":true}]}}