{"id":302,"date":"2020-04-30T11:38:00","date_gmt":"2020-04-30T11:38:00","guid":{"rendered":"http:\/\/rapian.de\/?page_id=302"},"modified":"2020-04-30T09:37:13","modified_gmt":"2020-04-30T09:37:13","slug":"gaestebuch","status":"publish","type":"page","link":"https:\/\/rapian.de\/?page_id=302","title":{"rendered":"G\u00e4stebuch"},"content":{"rendered":"\n<p class=\"has-text-color has-text-align-center has-very-dark-gray-color\"><strong>Hallo ihr Lieben, falls ihr uns gerne einen Kommentar hinterlassen oder anderen von euren Erfahrungen mit unseren Auftritten oder Liedern erz\u00e4hlen wollt, dann seid ihr hier genau richtig. Ihr k\u00f6nnt uns auch gerne Verbesserungsvorschl\u00e4ge oder eure Ideen und W\u00fcnsche f\u00fcr neue Lieder und Auftrittsm\u00f6glichkeiten hinterlassen &#8211; wir freuen uns \u00fcber alle eure Kommentare.<\/strong><\/p>\n","protected":false},"excerpt":{"rendered":"<p>Hallo ihr Lieben, falls ihr uns gerne einen Kommentar hinterlassen oder anderen von euren Erfahrungen mit unseren Auftritten oder Liedern erz\u00e4hlen wollt, dann seid ihr hier genau richtig. Ihr k\u00f6nnt uns auch gerne Verbesserungsvorschl\u00e4ge oder eure Ideen und W\u00fcnsche f\u00fcr neue Lieder und Auftrittsm\u00f6glichkeiten hinterlassen &#8211; wir freuen uns \u00fcber alle eure Kommentare.<\/p>\n","protected":false},"author":1,"featured_media":179,"parent":0,"menu_order":0,"comment_status":"open","ping_status":"closed","template":"","meta":{"footnotes":""},"class_list":["post-302","page","type-page","status-publish","has-post-thumbnail","hentry"],"_links":{"self":[{"href":"https:\/\/rapian.de\/index.php?rest_route=\/wp\/v2\/pages\/302"}],"collection":[{"href":"https:\/\/rapian.de\/index.php?rest_route=\/wp\/v2\/pages"}],"about":[{"href":"https:\/\/rapian.de\/index.php?rest_route=\/wp\/v2\/types\/page"}],"author":[{"embeddable":true,"href":"https:\/\/rapian.de\/index.php?rest_route=\/wp\/v2\/users\/1"}],"replies":[{"embeddable":true,"href":"https:\/\/rapian.de\/index.php?rest_route=%2Fwp%2Fv2%2Fcomments&post=302"}],"version-history":[{"count":2,"href":"https:\/\/rapian.de\/index.php?rest_route=\/wp\/v2\/pages\/302\/revisions"}],"predecessor-version":[{"id":305,"href":"https:\/\/rapian.de\/index.php?rest_route=\/wp\/v2\/pages\/302\/revisions\/305"}],"wp:featuredmedia":[{"embeddable":true,"href":"https:\/\/rapian.de\/index.php?rest_route=\/wp\/v2\/media\/179"}],"wp:attachment":[{"href":"https:\/\/rapian.de\/index.php?rest_route=%2Fwp%2Fv2%2Fmedia&parent=302"}],"curies":[{"name":"wp","href":"https:\/\/api.w.org\/{rel}","templated":true}]}}